= 3*x + 4*y + 43, 4*x + 8*y = -17 - 43. Let d(z) = z**2 + 16*z + 31. Calculate d(x).
-8
Let j be 1 - (268/30 + (-21)/(-315)). Let d(v) = -19*v - 59. Determine d(j).
93
Suppose -34 = -3*j + 17*q - 21*q, 4*j - 48 = -4*q. Let w(x) = x**2 - 19*x + 19. Give w(j).
-51
Let f(w) be the first derivative of -2*w**3/3 + w**2/2 - 2*w + 1219. Give f(2).
-8
Let h be (47*7/14)/(2/4). Let u(k) = -122 + 68 + 3*k + h + k. What is u(2)?
1
Let k(n) = -4*n**2 - 4*n - 2. Suppose -2*g = -17*b + 14*b + 26, 0 = 2*b - 5*g - 21. Suppose 0 = 15*w - 19*w - b, 3*t + 5*w = -16. Determine k(t).
-10
Let d = 16127 - 16085. Let u(k) be the second derivative of d*k - 1/20*k**5 - 9*k**2 + 11/12*k**4 + 13/6*k**3 + 0. Determine u(12).
-6
Let p(h) = h**3 - h - 1. Suppose -5*d - 194 - 300 = 4*i, -2*i = -4*d - 416. Let q be (51/(-1))/((-1)/2). Let b = q + d. What is p(b)?
-1
Suppose t - 2 = -5. Let y(r) = -6*r + 262. Let s be y(43). Let z(m) = -8339*m**2 + 4 - m**3 + 8344*m**2 + s*m + 2*m**3. Give z(t).
10
Let b(t) = t**3 + t**2 - 14. Suppose -17*x = -12*x - 5*h, -2*x + 3*h = 0. Calculate b(x).
-14
Let j(x) = -133*x + 5326. Let f be j(40). Let r(q) = 31*q - 4. Give r(f).
182
Suppose 142 = j - 12. Suppose 4*s - 11*s + j = 0. Suppose s - 30 = -m. Let w(h) = h**3 - 7*h**2 - 8*h - 9. Calculate w(m).
-9
Let n(q) = -3*q**2 + 24*q + 7. Let v(d) = -2*d**2 + 16*d + 4. Let k(u) = 5*n(u) - 8*v(u). Let f(m) = 2*m**2 - 17*m + 6. Let t(i) = 3*f(i) - 5*k(i). Give t(11).
3
Let y(w) = 16*w**2 + 655*w - 34. Let o(c) = -3*c**2 - 124*c + 7. Let k(s) = -21*o(s) - 4*y(s). What is k(-12)?
37
Suppose -4*l + 9 + 19 = 0. Let b be (-42)/10 - -2 - (-4)/20. Let u(x) = -3*x - 46. Let n(i) = -i - 15. Let c(k) = b*u(k) + l*n(k). What is c(-8)?
-5
Let y(s) = s**3 - 22*s**2 - 130*s - 136. Let h be y(27). Let x(u) = u - 8. Calculate x(h).
-9
Let f(i) = -i**2 - 5*i - 2. Let m = -1634 + 1554. Let u be -83 - (0/(-1) + 1). Let l = u - m. Calculate f(l).
2
Suppose -2*o + 5*c + 5 = 0, -5*o = 3*c + 9 - 99. Let m(y) be the second derivative of 0 - o*y + 1/2*y**2 + 1/6*y**3. What is m(-3)?
-2
Let q(h) be the second derivative of -h**3 + 7*h**2/2 - 53*h - 183. Let s = -2 - -7. Calculate q(s).
-23
Let g(l) = l**3 + 2*l**2 - 3*l - 4. Let i(h) = -h**3 - 3*h**2 + 4*h + 4. Let z(m) = -3*g(m) - 4*i(m). Suppose 3*j = 4*u + 31, -25 - 5 = 4*u - 2*j. What is z(u)?
-4
Let j(m) = -m**3 - 3*m**2 + 3*m + 2. Let t = 19343 - 19345. Determine j(t).
-8
Suppose 5 = 2*z + 15. Let y be (6*1/(-2))/(12/(-1576)). Let p(m) = 4 - 2 + 789*m - 396*m - y*m. Calculate p(z).
7
Let f(a) = 7*a - 2. Let i be (6 - (-4 + 9 + 0)) + 2. Let m(j) = -4*j + 1. Let p(x) = i*m(x) + 2*f(x). Determine p(2).
3
Let c(m) = 38*m + m**2 - 20 - 2*m**2 - 128*m + 76*m. Calculate c(-12).
4
Let f = -290 + 154. Let x = f - -129. Let h(v) = v + 8. Calculate h(x).
1
Let j = 32 - 31. Suppose -5*h = 3*b + 2 - 57, 2*b = 2*h - 22. Let d(y) = -10*y - 2. Let n(c) = -5*c - 1. Let x(q) = h*n(q) - 6*d(q). What is x(j)?
6
Let a(d) = -d + 21. Let w = 26920 - 26891. Calculate a(w).
-8
Let k(m) = 29*m**2 + 4*m + 9. Let l(d) = -35*d**2 - 5*d - 10. Let p(u) = 6*k(u) + 5*l(u). Give p(-10).
-86
Let n(a) be the first derivative of 1/2*a**2 - 1/12*a**4 + 20*a + a**3 + 3. Let y(o) be the first derivative of n(o). Give y(6).
1
Let u(y) = -y**2 + 25*y + 59. Let o be u(27). Let l be (-7 + 9)*6/4. Suppose l*p = -2*v - 19, -33 = o*p + v + 3*v. Let w(a) = a**3 + 6*a**2 + 7*a. What is w(p)?
-10
Let x(a) = 4*a - 5*a + 0*a + 12 - 24. Determine x(-16).
4
Let c = 6390 - 6402. Let t(a) = -9*a - 78. Determine t(c).
30
Suppose -5*m + y + 19 + 46 = 0, -2*m - 5*y - 1 = 0. Let j(f) = -f**2 + 8*f + 20. Determine j(m).
-28
Suppose -53 = -6*z - 29. Suppose -r + z*r = -r. Let o(f) = -11*f + 51. Let i(b) = 4*b - 17. Let c(p) = 8*i(p) + 3*o(p). Give c(r).
17
Let n(c) = c**3 - 88*c**2 - 1431*c + 314. Let q be n(102). Let u(o) = 2*o**2 - 12*o + 23. Calculate u(q).
55
Suppose -v - 3*z - 14 = -6, 36 = 4*v - 5*z. Let m(q) = -v*q**2 + 4 - q - q**3 - q**2 - 2 + 4*q**2 + 2*q**3. Give m(2).
4
Suppose -14*j = 132 - 90. Let h(d) = d + 40. Let m(t) = t + 23. Let c(k) = j*h(k) + 5*m(k). Let b be (-1*1)/((-6)/30). Calculate c(b).
5
Let b(f) = -2*f + 5. Let q(j) = j**3 - 73*j**2 - 78*j + 301. Let m be q(74). What is b(m)?
-5
Let g(o) = o**2 - 32*o - 234. Let p be (66/(-165))/(2/30). Let n be g(p). Let b(h) = h**3 + 6*h**2 - h - 1. Determine b(n).
5
Suppose -3*i = -b - 2 - 7, -19 = -2*i + 5*b. Let j(s) = 1 + 1 + 2*s**i - s**2 - 7*s. Let a be (2 - (14 + 2/(-1))) + 592*(-175)/(-6475). Give j(a).
-4
Let d(b) = -6*b**3 - 8*b + 2. Let n(u) = 7*u**3 + 2*u**2 + 7*u - 1. Let l(r) = -5*d(r) - 4*n(r). Give l(2).
2
Let s(o) = -7*o + 4. Let c be s(2). Let v(f) = 151*f**2 - 11*f + 4*f + 11 - 152*f**2 - f. What is v(c)?
-9
Suppose 0 = -16*m + 11*m - 60. Let s be (8/m)/((-5)/30). Let b(x) = -s*x + 0 + 0 + x + 4. Give b(-3).
13
Let c(h) = h**2 + 587*h + 4 - 1170*h + 589*h. Let q = -16 + 10. Determine c(q).
4
Suppose -w = 5*a + 29, -3*a = 3*w + a + 43. Let z = -22 - w. Let f = z - -18. Let h(l) = l - 7. Determine h(f).
-2
Suppose -4*y - a - 228 - 67 = 0, 3*a - 15 = 0. Let h = 74 + y. Let f be h/1*-2 + 2. Let d(x) = x**2 - 5*x. Give d(f).
-4
Let m(d) = d**3 + 20*d**2 + 41*d + 86. Let h be m(-18). Let r(n) = -21*n**2 - 83*n - 2. Calculate r(h).
-6
Let v(g) be the third derivative of g**5/60 - 17*g**4/24 - g**3/6 - 74*g**2 - 2. What is v(12)?
-61
Let z be ((-68)/(-85))/((-4)/(-10)). Let m(v) = 82*v**2 + 0*v**3 - 77*v**z - v**3 - 7. Let w = -45 + 50. Determine m(w).
-7
Let y = -64 - -69. Suppose -24 = -7*h + y*h. Suppose 0 = -14*a + 20*a + h. Let u(k) = 4*k**2 + k + 2. What is u(a)?
16
Let a(c) = 2*c**2 + 2 + 0 + 0*c**2. Suppose -3*h + 10 = -2*j, -2*j = -h - 142 + 148. Give a(j).
10
Let z(o) = -o**3 + 7*o**2 - 3*o - 4. Let x(f) = -98*f - 289. Let b be x(-3). What is z(b)?
31
Let j(o) be the third derivative of 5/12*o**4 - 1/120*o**6 + 0 - 1/6*o**5 + 0*o**3 + 0*o + 77*o**2. Determine j(-11).
11
Let p be 1*-2*(-2)/(-1)*(-2097)/466. Let k(o) = -o + 31. Calculate k(p).
13
Suppose -13*x = 27 - 92. Suppose x = 5*t - 20. Let w(p) = -5*p**2 - 2*p - 1. Let u(r) = -11*r**2 - 5*r - 3. Let o(g) = -4*u(g) + 9*w(g). What is o(t)?
-12
Let f(h) = -h**3 + 2*h**2 + 13*h - 17. Let r be f(4). Let d(b) be the third derivative of -b**5/60 + 5*b**4/24 - 2*b**3/3 - 1733*b**2. Determine d(r).
2
Let f(x) be the third derivative of x**5/40 - 5*x**4/24 - 265*x**3/6 - 6*x**2. Let j(h) be the first derivative of f(h). What is j(7)?
16
Let p(v) be the second derivative of -2*v**3/3 - 22*v**2 - 654*v. Determine p(-12).
4
Let f(m) = 3*m**2 - 2*m + 2. Let h(w) = 1. Let u(b) = -2*b - 4. Let k(q) = 6*h(q) + 2*u(q). Let g be k(5). Let n = 24 + g. Give f(n).
10
Let s(i) be the second derivative of -i**5/10 + 5*i**4/6 + 2*i**3/3 - 3*i**2 + 834*i + 4. What is s(5)?
14
Let u(d) = 8*d - d + 9 - 3*d - 2*d**2. Let j be u(4). Let r(z) = -z + 2*z - 2*z. Determine r(j).
7
Let s(f) = f**3 - 5*f**2 + 5*f - 5. Let n(t) = -t**2 + 106*t + 1164. Let o be n(-10). Give s(o).
-1
Let p(t) = -t**3 + 7*t**2 - 5*t + 10. Let m be 7/(112/(-10908)) - 6/(-8). Let a = m + 688. Calculate p(a).
-25
Suppose 773 = -4*i - 3*v, i + 194 = -3*v + 2*v. Let b = -192 - i. Let g(x) = 9*x + 1. What is g(b)?
-8
Let j be 106720/128 + (-2)/(-8). Let g(k) = -416*k + j*k + 9*k**2 + 3 - 416*k. Determine g(-2).
35
Suppose 34*j + 129 = 129. Let m(o) = -o**2 + 2*o + 5. Give m(j).
5
Let y = 42 + -18. Let q(r) = 9*r - r**2 + 18*r - y*r. Give q(3).
0
Suppose 0 = -3*m + 6*m - 24. Suppose 2*o - m = -2, 2*z - o + 5 = 0. Let w(n) = -n**3 - 2*n**2 - 2*n - 1. What is w(z)?
0
Let l(a) = a**2 + 3*a - 3. Let y = -18 - -52. Let t = y - 14. Suppose t = 2*b - 7*b. Calculate l(b).
1
Suppose -2*q + 5*o - 26 = 0, 0*q - 5*o = -4*q - 32. Let v(d) be the second derivative of -d**4/6 - d**3/2 - d**2/2 + 359*d - 4. What is v(q)?
-10
Let t = -832 + 1281. Let g = t + -444. Let w(h) = -h**3 + 5*h**2 + 7*h - 1. Give w(g).
34
Let g(z) = 2*z + 89. Let o be g(-39). Let d(n) = o*n + 4*n - 2 - 4 - 4*n**2 + 5*n - 23*n - n**3. Determine d(-3).
-6
Let n(x) = -10*x + 93. Let a(u) = -24*u + 241. Let p(m) = 2*a(m) - 5*n(m). Determine p(-17).
-17
Let j = 138 + -237. Let o = j - -96. Let u(z) = 0*z - 2*z - 5 - 2*z + 1. Calculate u(o).
8
Let n(g) = 3*g + 23. Let r be n(10). Let m = 85 